8
What is the remainder when 359942181 is divided by 2828?
2825
What is the remainder when 62521883 is divided by 881?
837
What is the remainder when 46052 is divided by 1341?
458
Calculate the remainder when 36548 is divided by 282.
170
What is the remainder when 8057667 is divided by 629?
177
Calculate the remainder when 386383 is divided by 9.
4
Calculate the remainder when 7753 is divided by 6847.
906
Calculate the remainder when 345073 is divided by 89.
20
Calculate the remainder when 750959 is divided by 793.
781
Calculate the remainder when 404664 is divided by 403115.
1549
Calculate the remainder when 3801569 is divided by 1724.
149
Calculate the remainder when 37854 is divided by 7422.
744
Calculate the remainder when 443821 is divided by 46.
13
What is the remainder when 33920210 is divided by 131?
118
Calculate the remainder when 1112856 is divided by 2013.
1680
What is the remainder when 1482717 is divided by 24?
21
Calculate the remainder when 41758 is divided by 143.
2
Calculate the remainder when 2889158 is divided by 1515.
53
What is the remainder when 2208570 is divided by 64956?
66
What is the remainder when 1122399 is divided by 280590?
39
What is the remainder when 1325498 is divided by 710?
638
What is the remainder when 928882707 is divided by 2205?
2202
Calculate the remainder when 1018149 is divided by 857.
33
Calculate the remainder when 14352418 is divided by 7176205.
8
What is the remainder when 4309548 is divided by 601?
378
Calculate the remainder when 74911 is divided by 14858.
621
What is the remainder when 128637 is divided by 3750?
1137
Calculate the remainder when 45330 is divided by 1784.
730
Calculate the remainder when 787991 is divided by 1975.
1941
What is the remainder when 2347581 is divided by 138092?
17
What is the remainder when 1043519 is divided by 278?
185
What is the remainder when 16095233 is divided by 10364?
10305
Calculate the remainder when 4384409 is divided by 43.
0
What is the remainder when 323385 is divided by 1925?
1910
What is the remainder when 75897546 is divided by 38743?
9
What is the remainder when 314302 is divided by 2685?
157
What is the remainder when 99437 is divided by 161?
100
Calculate the remainder when 4202907 is divided by 1174.
1161
What is the remainder when 295578 is divided by 14776?
58
What is the remainder when 10879994 is divided by 2719995?
14
Calculate the remainder when 29787 is divided by 372.
27
What is the remainder when 27016710 is divided by 42546?
0
What is the remainder when 8043549 is divided by 893719?
78
Calculate the remainder when 19061177 is divided by 6591.
5
Calculate the remainder when 1043422 is divided by 6179.
5350
What is the remainder when 2438179 is divided by 53003?
41
Calculate the remainder when 582958255 is divided by 21.
19
Calculate the remainder when 157950693 is divided by 22564384.
5
Calculate the remainder when 3155120 is divided by 21759.
65
Calculate the remainder when 2685924 is divided by 29.
2
Calculate the remainder when 710750 is divided by 5960.
1510
Calculate the remainder when 503717938 is divided by 135.
133
Calculate the remainder when 1033342 is divided by 8611.
22
What is the remainder when 18708489 is divided by 18432?
9
What is the remainder when 1507571 is divided by 972?
971
Calculate the remainder when 574556 is divided by 266.
262
What is the remainder when 21216383 is divided by 41?
31
Calculate the remainder when 177540 is divided by 892.
32
Calculate the remainder when 2251600 is divided by 18.
16
Calculate the remainder when 4701779 is divided by 204424.
27
Calculate the remainder when 8082 is divided by 1167.
1080
Calculate the remainder when 1040855 is divided by 284.
279
What is the remainder when 1948996 is divided by 634?
80
What is the remainder when 43806 is divided by 42067?
1739
What is the remainder when 787370 is divided by 393654?
62
What is the remainder when 571074 is divided by 14?
0
What is the remainder when 337877 is divided by 112617?
26
What is the remainder when 340914 is divided by 339126?
1788
Calculate the remainder when 7825290 is divided by 11947.
5
Calculate the remainder when 18747 is divided by 74.
25
Calculate the remainder when 41989 is divided by 3354.
1741
What is the remainder when 448086 is divided by 4998?
3264
What is the remainder when 1251224 is divided by 11?
7
Calculate the remainder when 1059858 is divided by 156.
150
Calculate the remainder when 8262423 is divided by 2754135.
18
What is the remainder when 3245722 is divided by 154558?
4
Calculate the remainder when 7028422 is divided by 196.
58
What is the remainder when 998733 is divided by 3727?
3624
Calculate the remainder when 448640828 is divided by 431.
429
What is the remainder when 537873 is divided by 3486?
1029
What is the remainder when 257707 is divided by 10918?
6593
What is the remainder when 833461 is divided by 155?
26
What is the remainder when 16983092 is divided by 4245771?
8
Calculate the remainder when 5755884 is divided by 1490.
14
What is the remainder when 6475920 is divided by 2158625?
45
Calculate the remainder when 516476789 is divided by 2068.
2061
Calculate the remainder when 21818351 is divided by 589685.
6
Calculate the remainder when 578443 is divided by 288685.
1073
Calculate the remainder when 14715665 is divided by 7357825.
15
What is the remainder when 3610368 is divided by 3610364?
4
What is the remainder when 179609 is divided by 1008?
185
Calculate the remainder when 18738 is divided by 941.
859
What is the remainder when 206539 is divided by 618?
127
Calculate the remainder when 84002057 is divided by 19.
17
Calculate the remainder when 21656803 is divided by 5414194.
27
What is the remainder when 12955 is divided by 2142?
103
What is the remainder when 23618692 is divided by 127?
121
Calculate the remainder when 1000637 is divided by 1018.
961
What is the remainder when 196088 is divided by 22978?
12264
What is the remainder when 845653 is divided by 298?
227
Calculate the remainder when 210633 is divided by 41667.
2298
Calculate the remainder when 1741632 is divided by 146.
144
Calculate the remainder when 557663 is divided by 557543.
120
Calculate the remainder when 7862623 is divided by 57.
43
What is the remainder when 69364600 is divided by 835718?
6
What is the remainder when 4514347 is divided by 21395?
2
What is the remainder when 567590 is divided by 2034?
104
What is the remainder when 770952 is divided by 12433?
106
Calculate the remainder when 28686407 is divided by 82196.
3
What is the remainder when 191881 is divided by 3689?
53
Calculate the remainder when 35437535 is divided by 4957.
4899
What is the remainder when 100800 is divided by 201?
99
What is the remainder when 1271705398 is divided by 30?
28
What is the remainder when 1696988 is divided by 2614?
502
What is the remainder when 44769815 is divided by 7703?
7682
Calculate the remainder when 493846 is divided by 662.
656
What is the remainder when 508498 is divided by 9080?
18
Calculate the remainder when 44529113 is divided by 2374.
2369
Calculate the remainder when 27070973 is divided by 198.
17
What is the remainder when 3593892 is divided by 3?
0
Calculate the remainder when 4141843 is divided by 828362.
33
What is the remainder when 3387615 is divided by 2779?
14
Calculate the remainder when 151166 is divided by 30222.
56
Calculate the remainder when 19584510 is divided by 6103.
6086
What is the remainder when 45451215 is divided by 6469?
21
What is the remainder when 242786 is divided by 121375?
36
Calculate the remainder when 69200 is divided by 682.
318
Calculate the remainder when 279588802 is divided by 15200.
2
Calculate the remainder when 8093405 is divided by 1011670.
45
What is the remainder when 774831 is divided by 129136?
15
What is the remainder when 24808 is divided by 2226?
322
Calculate the remainder when 110643 is divided by 105866.
4777
What is the remainder when 29014511 is divided by 1147?
1146
What is the remainder when 6395426 is divided by 1129?
770
What is the remainder when 83756 is divided by 477?
281
Calculate the remainder when 10076 is divided by 32.
28
What is the remainder when 19863666 is divided by 101?
97
Calculate the remainder when 211020 is divided by 39